culate the highest common divisor of 630 and 90.
90
What is the greatest common divisor of 15 and 785?
5
What is the greatest common factor of 27372 and 12?
12
Calculate the highest common factor of 910 and 140.
70
What is the highest common divisor of 243 and 3915?
27
What is the highest common divisor of 154 and 28?
14
Calculate the highest common factor of 24 and 157848.
24
Calculate the greatest common factor of 74 and 222.
74
What is the greatest common factor of 88 and 242?
22
What is the greatest common divisor of 32 and 3024?
16
Calculate the highest common factor of 30 and 18.
6
Calculate the highest common factor of 1121 and 152.
19
Calculate the greatest common divisor of 15 and 40.
5
What is the greatest common divisor of 1596 and 19?
19
Calculate the highest common factor of 70 and 11942.
14
What is the highest common factor of 64 and 68?
4
What is the highest common divisor of 23 and 253?
23
Calculate the greatest common divisor of 3800 and 50.
50
Calculate the highest common factor of 2726 and 188.
94
What is the highest common divisor of 160 and 25?
5
Calculate the highest common divisor of 87 and 377.
29
Calculate the highest common divisor of 81 and 36.
9
Calculate the greatest common factor of 33 and 1023.
33
What is the greatest common factor of 224 and 140?
28
Calculate the highest common factor of 2070 and 90.
90
Calculate the highest common divisor of 234 and 18.
18
What is the greatest common factor of 870 and 6?
6
What is the greatest common divisor of 19 and 608?
19
What is the greatest common divisor of 32 and 8?
8
Calculate the highest common factor of 209 and 11.
11
Calculate the highest common divisor of 280 and 1792.
56
What is the highest common divisor of 170 and 136?
34
Calculate the highest common factor of 36 and 6.
6
Calculate the greatest common factor of 32 and 144.
16
Calculate the highest common divisor of 759 and 44.
11
Calculate the greatest common divisor of 2871 and 1089.
99
Calculate the greatest common divisor of 53 and 4399.
53
Calculate the greatest common divisor of 2214 and 30627.
369
What is the highest common divisor of 568 and 8?
8
Calculate the greatest common divisor of 18 and 2.
2
What is the greatest common divisor of 136 and 153?
17
What is the highest common divisor of 351 and 39?
39
What is the greatest common factor of 34 and 85?
17
Calculate the greatest common divisor of 387 and 9.
9
What is the highest common divisor of 532 and 42?
14
Calculate the highest common factor of 1164 and 12.
12
What is the highest common factor of 81268 and 44?
44
What is the greatest common factor of 6 and 12?
6
What is the greatest common factor of 208 and 2600?
104
Calculate the highest common factor of 520 and 1404.
52
Calculate the greatest common factor of 4 and 54.
2
What is the highest common factor of 41 and 164861?
41
Calculate the greatest common factor of 1334 and 116.
58
What is the greatest common factor of 697 and 425?
17
What is the greatest common factor of 8 and 4568?
8
What is the greatest common divisor of 154 and 3278?
22
What is the highest common factor of 5024 and 64?
32
Calculate the greatest common factor of 238 and 14.
14
Calculate the highest common divisor of 112 and 7364.
28
What is the greatest common divisor of 2290 and 10?
10
Calculate the highest common factor of 17 and 1649.
17
Calculate the greatest common factor of 12 and 51264.
12
Calculate the highest common factor of 7 and 13.
1
What is the highest common factor of 513 and 285?
57
What is the greatest common factor of 186 and 3?
3
Calculate the greatest common divisor of 63 and 294.
21
Calculate the highest common factor of 219 and 1533.
219
Calculate the highest common factor of 114 and 60.
6
What is the greatest common factor of 144 and 496?
16
What is the highest common factor of 1253 and 14?
7
What is the highest common divisor of 44 and 11?
11
What is the highest common factor of 441 and 245?
49
Calculate the highest common divisor of 12 and 582.
6
What is the highest common divisor of 74 and 925?
37
Calculate the greatest common factor of 240 and 2480.
80
Calculate the greatest common factor of 97 and 22601.
97
Calculate the highest common divisor of 959 and 175.
7
What is the greatest common divisor of 10 and 2360?
10
Calculate the greatest common divisor of 76 and 14858.
38
Calculate the highest common divisor of 40139 and 82.
41
Calculate the highest common divisor of 858 and 462.
66
What is the highest common factor of 100 and 820?
20
Calculate the highest common divisor of 1580 and 40.
20
What is the greatest common divisor of 39 and 13?
13
What is the highest common divisor of 38 and 1387?
19
Calculate the highest common divisor of 390 and 150.
30
Calculate the greatest common divisor of 1140 and 24.
12
Calculate the highest common divisor of 738 and 72.
18
What is the greatest common factor of 51 and 102?
51
What is the greatest common divisor of 63798 and 434?
434
What is the highest common divisor of 22 and 14311?
11
Calculate the greatest common factor of 13 and 1.
1
Calculate the greatest common factor of 9 and 1854.
9
What is the greatest common divisor of 1701 and 42?
21
Calculate the greatest common factor of 116 and 1015.
29
Calculate the greatest common factor of 416 and 26.
26
Calculate the highest common divisor of 1155 and 15.
15
Calculate the highest common factor of 38 and 19798.
38
What is the greatest common factor of 12096 and 27?
27
What is the greatest common divisor of 306 and 144?
18
What is the highest common factor of 28 and 798?
14
Calculate the highest common factor of 36 and 160.
4
What is the greatest common factor of 81 and 225?
9
What is the highest common factor of 507 and 3?
3
What is the greatest common divisor of 6931 and 58?
29
What is the highest common divisor of 30 and 20715?
15
Calculate the highest common divisor of 30 and 320.
10
Calculate the greatest common factor of 459 and 17.
17
What is the highest common divisor of 36 and 3594?
6
Calculate the highest common divisor of 156 and 234.
78
Calculate the greatest common divisor of 400 and 20.
20
Calculate the highest common factor of 22 and 286.
22
Calculate the greatest common divisor of 455 and 105.
35
What is the highest common factor of 472 and 24?
8
What is the highest common factor of 80 and 672?
16
Calculate the highest common factor of 17 and 51.
17
What is the greatest common factor of 6235 and 860?
215
What is the highest common factor of 624 and 48?
48
Calculate the highest common factor of 9 and 60201.
9
What is the greatest common factor of 308 and 252?
28
What is the greatest common divisor of 988 and 39?
13
What is the highest common divisor of 59907 and 57?
57
Calculate the highest common factor of 43 and 731.
43
What is the highest common factor of 397 and 397?
397
Calculate the greatest common factor of 10 and 22.
2
Calculate the highest common factor of 1917 and 27.
27
Calculate the greatest common factor of 51 and 51.
51
What is the greatest common divisor of 272 and 238?
34
What is the highest common divisor of 81 and 144?
9
Calculate the greatest common factor of 2536 and 16.
8
What is the greatest common divisor of 10 and 8?
2
What is the highest common divisor of 651 and 465?
93
Calculate the greatest common factor of 15 and 447.
3
What is the highest common divisor of 3832 and 8?
8
Calculate the highest common divisor of 820 and 1240.
20
Calculate the greatest common factor of 9 and 369.
9
Calculate the greatest common factor of 25 and 59200.
25
What is the greatest common divisor of 306 and 90?
18
Calculate the highest common divisor of 472 and 1003.
59
What is the highest common factor of 2904 and 24?
24
What is the greatest common divisor of 54 and 12?
6
Calculate the highest common factor of 123 and 451.
41
What is the highest common factor of 434 and 14?
14
Calculate the greatest common factor of 988 and 38.
38
Calculate the greatest common divisor of 8 and 104.
8
What is the highest common factor of 2253 and 3?
3
Calculate the highest common divisor of 138 and 736.
46
What is the highest common divisor of 222 and 296?
74
What is the greatest common divisor of 234 and 156?
78
Calculate the greatest common factor of 1980 and 100.
20
What is the greatest common factor of 45 and 